t the prime factors of 406773725.
5, 149, 109201
What are the prime factors of 97199403?
3, 7, 23, 53, 3797
List the prime factors of 752919076.
2, 7, 13, 23, 139, 647
What are the prime factors of 401177357?
7, 8187293
What are the prime factors of 476629298?
2, 238314649
What are the prime factors of 41085673?
67, 613219
What are the prime factors of 338741455?
5, 13, 47, 110881
List the prime factors of 66662405.
5, 13332481
What are the prime factors of 442769327?
7, 11, 13, 442327
What are the prime factors of 158255886?
2, 3, 26375981
What are the prime factors of 610106598?
2, 3, 31, 1093381
List the prime factors of 16305347.
16305347
List the prime factors of 1081231334.
2, 23, 47, 500107
List the prime factors of 167366465.
5, 7, 541, 8839
List the prime factors of 127587165.
3, 5, 31, 53, 167
List the prime factors of 317914710.
2, 3, 5, 10597157
What are the prime factors of 2136142219?
2136142219
What are the prime factors of 401830722?
2, 3, 83, 101, 2663
What are the prime factors of 964327977?
3, 107, 333793
List the prime factors of 75463391.
17, 23, 11353
What are the prime factors of 44915144?
2, 229, 24517
What are the prime factors of 6584295?
3, 5, 438953
What are the prime factors of 111755768?
2, 1019, 13709
What are the prime factors of 366567390?
2, 3, 5, 7, 193951
What are the prime factors of 558804729?
3, 7, 31, 269, 3191
What are the prime factors of 379699557?
3, 9497, 13327
What are the prime factors of 2719448?
2, 41, 8291
What are the prime factors of 1269791437?
53, 67, 357587
What are the prime factors of 6986006622?
2, 3, 7, 17, 1087147
What are the prime factors of 33760519?
13, 31, 83773
List the prime factors of 8723753621.
11, 433, 919, 1993
List the prime factors of 3735605047.
61, 3617, 16931
What are the prime factors of 223505751?
3, 7, 97, 113, 971
What are the prime factors of 235545766?
2, 61, 71, 383
What are the prime factors of 119593726?
2, 7, 8542409
List the prime factors of 1958469.
3, 647, 1009
What are the prime factors of 264268583?
31, 43, 198251
What are the prime factors of 83056052?
2, 3121, 6653
List the prime factors of 32982796.
2, 7, 11, 173, 619
List the prime factors of 1289093340.
2, 3, 5, 17, 1263817
What are the prime factors of 2880943480?
2, 5, 1777, 40531
What are the prime factors of 4030909115?
5, 806181823
What are the prime factors of 69177155?
5, 643, 21517
List the prime factors of 2113520257.
17, 124324721
What are the prime factors of 179119904?
2, 5597497
List the prime factors of 82732349.
7, 11818907
What are the prime factors of 248297554?
2, 6833, 18169
List the prime factors of 285120641.
13, 3461, 6337
List the prime factors of 85402008.
2, 3, 47, 25237
List the prime factors of 13055050.
2, 5, 261101
List the prime factors of 1539147275.
5, 17, 37, 97879
What are the prime factors of 5239457745?
3, 5, 349297183
List the prime factors of 479263559.
47, 10197097
What are the prime factors of 530182746?
2, 3, 79, 4603
What are the prime factors of 32156300?
2, 5, 11, 23, 31, 41
List the prime factors of 84735210.
2, 3, 5, 7, 59, 977
List the prime factors of 266999964.
2, 3, 7, 11, 101, 2861
List the prime factors of 117159442.
2, 439, 133439
List the prime factors of 49816084.
2, 29, 429449
List the prime factors of 67412255.
5, 13482451
What are the prime factors of 7965964?
2, 1991491
List the prime factors of 2479923214.
2, 499, 2484893
List the prime factors of 1494407698.
2, 7, 2999, 35593
What are the prime factors of 7737736?
2, 37, 26141
What are the prime factors of 561639506?
2, 17, 19, 97, 8963
List the prime factors of 1744309588.
2, 7, 4973, 12527
List the prime factors of 4166603008.
2, 16275793
What are the prime factors of 619956297?
3, 179, 384827
List the prime factors of 4245452.
2, 1061363
List the prime factors of 142851058.
2, 7, 2549, 4003
What are the prime factors of 451420387?
11, 37, 59, 1709
List the prime factors of 2156520871.
23, 4076599
What are the prime factors of 257798720?
2, 5, 23, 35027
List the prime factors of 6788049138.
2, 3, 13, 29008757
What are the prime factors of 74952150?
2, 3, 5, 7, 13, 17, 19
What are the prime factors of 39769594?
2, 19884797
List the prime factors of 2852684845.
5, 570536969
What are the prime factors of 3189891?
3, 19, 191, 293
What are the prime factors of 171249357?
3, 37, 131, 11777
List the prime factors of 567818022.
2, 3, 94636337
What are the prime factors of 527839513?
19, 27781027
List the prime factors of 2176958120.
2, 5, 17, 3201409
What are the prime factors of 14056625?
5, 11, 10223
List the prime factors of 930923097.
3, 13, 23869823
List the prime factors of 5935518864.
2, 3, 11, 1249057
List the prime factors of 279376242.
2, 3, 1999, 23293
What are the prime factors of 3941619808?
2, 7, 2579, 6823
List the prime factors of 15302992.
2, 17, 127, 443
What are the prime factors of 2107003772?
2, 2003, 262981
List the prime factors of 1314080538.
2, 3, 29, 7552187
List the prime factors of 5421287883.
3, 11, 89, 659, 2801
List the prime factors of 1643968297.
1643968297
List the prime factors of 81941332.
2, 11, 73, 97, 263
List the prime factors of 1414988128.
2, 701, 63079
List the prime factors of 4402291.
4402291
List the prime factors of 510223951.
53, 181639
List the prime factors of 18474293.
18474293
What are the prime factors of 146767834?
2, 17, 107, 40343
List the prime factors of 942577464.
2, 3, 39274061
List the prime factors of 4631661452.
2, 11, 105265033
List the prime factors of 214877366.
2, 11, 887923
What are the prime factors of 6760628?
2, 7, 17, 2029
What are the prime factors of 534890417?
739, 723803
What are the prime factors of 61947543?
3, 7, 19, 107, 1451
What are the prime factors of 1178526884?
2, 6067, 48563
What are the prime factors of 109184953?
109184953
What are the prime factors of 13815748?
2, 71, 48647
List the prime factors of 186192843.
3, 23, 37, 72931
List the prime factors of 39599931.
3, 7, 1885711
What are the prime factors of 249874350?
2, 3, 5, 11, 199, 761
What are the prime factors of 91771134?
2, 3, 7, 13, 17, 9887
List the prime factors of 7641947.
7641947
What are the prime factors of 133931756?
2, 7, 43, 173, 643
What are the prime factors of 2252065?
5, 450413
What are the prime factors of 184410090?
2, 3, 5, 23, 89087
List the prime factors of 334970719.
334970719
List the prime factors of 204434115.
3, 5, 59, 230999
List the prime factors of 190073924.
2, 1129, 42089
List the prime factors of 203102385.
3, 5, 199, 68041
List the prime factors of 140037853.
151, 927403
List the prime factors of 183427111.
7, 26203873
List the prime factors of 157540921.
17, 9267113
List the prime factors of 197616979.
7, 421, 67057
List the prime factors of 449466765.
3, 5, 11, 53, 103, 499
What are the prime factors of 123483843?
3, 7, 1960061
What are the prime factors of 234763687?
463, 507049
What are the prime factors of 180867188?
2, 109, 414833
List the prime factors of 76396935.
3, 5, 83, 61363
List the prime factors of 2783674068.
2, 3, 7, 739, 44843
What are the prime factors of 521679802?
2, 7, 37262843
What are the prime factors of 987408744?
2, 3, 7, 127, 46279
List the prime factors of 871558996.
2, 7, 11, 2829737
List the prime factors of 39401737.
23, 53, 32323
List the prime factors of 4105852.
2, 101, 10163
What are the prime factors of 36972810?
2, 3, 5, 7, 58687
What are the prime factors of 882387095?
5, 103, 1713373
List the prime factors of 640336496.
2, 31, 1291001
What are the prime factors of 313776673?
7, 233, 192383
List the prime factors of 279348526.
2, 19, 7351277
List the prime factors of 1098730981.
59, 467, 39877
List the prime factors of 686145595.
5, 137229119
What are the prime factors of 2468953758?
2, 3, 17, 3011, 8039
What are the prime factors of 837720316?
2, 31, 149, 45341
List the prime factors of 244188551.
19, 59, 61, 3571
List the prime factors of 82090427.
23, 193, 18493
List the prime factors of 2132244323.
11, 3527, 54959
What are the prime factors of 514008663?
3, 7, 24476603
What are the prime factors of 197957057?
821, 241117
What are the prime factors of 539411942?
2, 1493, 180647
List the prime factors of 20987449.
7, 41, 73127
List the prime factors of 1512647683.
61, 247975